{"id":16286,"date":"2024-09-25T18:49:06","date_gmt":"2024-09-25T18:49:06","guid":{"rendered":"https:\/\/aplv.21.edu.ar\/?post_type=product&#038;p=16286"},"modified":"2025-03-10T18:22:08","modified_gmt":"2025-03-10T18:22:08","slug":"curso-en-evaluacion-del-aprendizaje","status":"publish","type":"product","link":"https:\/\/aplv.21.edu.ar\/en\/product\/curso-en-evaluacion-del-aprendizaje\/","title":{"rendered":"CURSO EN EVALUACI\u00d3N DEL APRENDIZAJE"},"content":{"rendered":"<p>contenido<\/p>\n","protected":false},"excerpt":{"rendered":"<p>excerpt<\/p>\n","protected":false},"author":3,"featured_media":0,"comment_status":"open","ping_status":"closed","template":"","meta":{"_acf_changed":false,"footnotes":""},"categories":[22],"class_list":["post-16286","product","type-product","status-publish","hentry","category-negocios-y-management-en"],"acf":{"external_id":"2307","precio":"149.970 ","impartido_en":["es"],"hubspot_product_id":"3261743763","imagen_destacada":16472,"header_image":"https:\/\/static.capabiliaserver.com\/frontend\/clients\/aplv\/wp_prod\/wp-content\/uploads\/54ad37a3-diseno-sin-titulo-5-1.png","precio_en_cuotas":"","precio_de_lista":"249.950 ","mostrar_form":false,"promocion_vigente":"","duracion_del_curso":"1 MES","tipo_de_programa":"CURSO","nivel_del_curso":"B\u00e1sico","modalidad":"Online","dedicacion":"","titulo":"EVALUACI\u00d3N DEL APRENDIZAJE","contenido":"<p><span data-sheets-root=\"1\">Para hacer referencia coherente a la evaluaci\u00f3n, se debe reconocer expresamente la multidimensionalidad del concepto ya que, ense\u00f1ar y aprender en este nuevo contexto lleva a los sujetos a adaptarse a las nuevas relaciones en el espacio y en el tiempo, relaciones que, por sus caracter\u00edsticas particulares, implican la organizaci\u00f3n e integraci\u00f3n de nueva informaci\u00f3n o conceptos a la estructura cognoscitiva de los sujetos. La evaluaci\u00f3n es uno de los elementos de los procesos de ense\u00f1anza-aprendizaje m\u00e1s importantes debido a la dimensi\u00f3n de retroacci\u00f3n que proporciona al profesor, congruente con el modelo de ense\u00f1anza.<br \/>\nEl proceso de evaluar necesita de m\u00faltiples miradas, ya que su concepto y an\u00e1lisis fue cambiando paradigmas y perspectivas ideol\u00f3gicas, filos\u00f3ficas, epistemol\u00f3gicas, sociales, pedag\u00f3gicas, psicol\u00f3gicas y t\u00e9cnicas, entre otras. En este contexto, la evaluaci\u00f3n es considerada como un instrumento que favorece la construcci\u00f3n de conocimientos, un acto de conocimiento constante, una etapa complementaria al aprendizaje<br \/>\nEs parte del proceso did\u00e1ctico e implica para los estudiantes una toma de conciencia de los aprendizajes adquiridos, un proceso hol\u00edstico que abarca y confluye en diferentes momentos y actividades de la propuesta. Si bien la evaluaci\u00f3n est\u00e1 investida de poder, por su impronta de control, tambi\u00e9n aporta a los actores del proceso de ense\u00f1anza y aprendizaje, datos y directrices sobre c\u00f3mo retroalimentar la propuesta pedag\u00f3gica desde la respuesta de los alumnos y, de este modo, avanzar en el conocimiento.<br \/>\n<\/span><\/p>\n","avalado_por":"https:\/\/static.capabiliaserver.com\/frontend\/clients\/aplv\/wp_prod\/wp-content\/uploads\/75f5c34c-microcredenciales.png","pdf_brochure":false,"cursos_que_lo_componen":[{"nombre_del_curso":"MATERIA 1: PROCESOS, SISTEMAS Y M\u00c9TODOS DE LA EVALUACI\u00d3N DEL APRENDIZAJE","descripcion_del_curso":"<p>M\u00f3dulo 1: Introducci\u00f3n a la evaluaci\u00f3n del aprendizaje<br \/>\nM\u00f3dulo 2: \u00bfQu\u00e9 implica evaluar?<br \/>\nM\u00f3dulo 3: La evaluaci\u00f3n como instrumento did\u00e1ctico<br \/>\nM\u00f3dulo 4: La evaluaci\u00f3n del aprendizaje<\/p>\n"}],"preguntas_frecuentes":false,"docentes_expertos":false},"yoast_head":"<!-- This site is optimized with the Yoast SEO plugin v23.0 - https:\/\/yoast.com\/wordpress\/plugins\/seo\/ -->\n<title>CURSO EN EVALUACI\u00d3N DEL APRENDIZAJE - Siglo 21<\/title>\n<meta name=\"robots\" content=\"index, follow, max-snippet:-1, max-image-preview:large, max-video-preview:-1\" \/>\n<link rel=\"canonical\" href=\"https:\/\/aplv.21.edu.ar\/en\/product\/curso-en-evaluacion-del-aprendizaje\/\" \/>\n<meta property=\"og:locale\" content=\"en_US\" \/>\n<meta property=\"og:type\" content=\"article\" \/>\n<meta property=\"og:title\" content=\"CURSO EN EVALUACI\u00d3N DEL APRENDIZAJE - Siglo 21\" \/>\n<meta property=\"og:description\" content=\"excerpt\" \/>\n<meta property=\"og:url\" content=\"https:\/\/aplv.21.edu.ar\/en\/product\/curso-en-evaluacion-del-aprendizaje\/\" \/>\n<meta property=\"og:site_name\" content=\"Siglo 21\" \/>\n<meta property=\"article:modified_time\" content=\"2025-03-10T18:22:08+00:00\" \/>\n<meta name=\"twitter:card\" content=\"summary_large_image\" \/>\n<meta name=\"twitter:label1\" content=\"Est. reading time\" \/>\n\t<meta name=\"twitter:data1\" content=\"1 minute\" \/>\n<script type=\"application\/ld+json\" class=\"yoast-schema-graph\">{\"@context\":\"https:\/\/schema.org\",\"@graph\":[{\"@type\":\"WebPage\",\"@id\":\"https:\/\/aplv.21.edu.ar\/en\/product\/curso-en-evaluacion-del-aprendizaje\/\",\"url\":\"https:\/\/aplv.21.edu.ar\/en\/product\/curso-en-evaluacion-del-aprendizaje\/\",\"name\":\"CURSO EN EVALUACI\u00d3N DEL APRENDIZAJE - Siglo 21\",\"isPartOf\":{\"@id\":\"https:\/\/aplv.21.edu.ar\/#website\"},\"datePublished\":\"2024-09-25T18:49:06+00:00\",\"dateModified\":\"2025-03-10T18:22:08+00:00\",\"breadcrumb\":{\"@id\":\"https:\/\/aplv.21.edu.ar\/en\/product\/curso-en-evaluacion-del-aprendizaje\/#breadcrumb\"},\"inLanguage\":\"en-US\",\"potentialAction\":[{\"@type\":\"ReadAction\",\"target\":[\"https:\/\/aplv.21.edu.ar\/en\/product\/curso-en-evaluacion-del-aprendizaje\/\"]}]},{\"@type\":\"BreadcrumbList\",\"@id\":\"https:\/\/aplv.21.edu.ar\/en\/product\/curso-en-evaluacion-del-aprendizaje\/#breadcrumb\",\"itemListElement\":[{\"@type\":\"ListItem\",\"position\":1,\"name\":\"Home\",\"item\":\"https:\/\/aplv.21.edu.ar\/\"},{\"@type\":\"ListItem\",\"position\":2,\"name\":\"Productos\",\"item\":\"https:\/\/aplv.21.edu.ar\/product\/\"},{\"@type\":\"ListItem\",\"position\":3,\"name\":\"CURSO EN EVALUACI\u00d3N DEL APRENDIZAJE\"}]},{\"@type\":\"WebSite\",\"@id\":\"https:\/\/aplv.21.edu.ar\/#website\",\"url\":\"https:\/\/aplv.21.edu.ar\/\",\"name\":\"Siglo 21\",\"description\":\"Siglo 21\",\"potentialAction\":[{\"@type\":\"SearchAction\",\"target\":{\"@type\":\"EntryPoint\",\"urlTemplate\":\"https:\/\/aplv.21.edu.ar\/?s={search_term_string}\"},\"query-input\":\"required name=search_term_string\"}],\"inLanguage\":\"en-US\"}]}<\/script>\n<!-- \/ Yoast SEO plugin. -->","yoast_head_json":{"title":"CURSO EN EVALUACI\u00d3N DEL APRENDIZAJE - Siglo 21","robots":{"index":"index","follow":"follow","max-snippet":"max-snippet:-1","max-image-preview":"max-image-preview:large","max-video-preview":"max-video-preview:-1"},"canonical":"https:\/\/aplv.21.edu.ar\/en\/product\/curso-en-evaluacion-del-aprendizaje\/","og_locale":"en_US","og_type":"article","og_title":"CURSO EN EVALUACI\u00d3N DEL APRENDIZAJE - Siglo 21","og_description":"excerpt","og_url":"https:\/\/aplv.21.edu.ar\/en\/product\/curso-en-evaluacion-del-aprendizaje\/","og_site_name":"Siglo 21","article_modified_time":"2025-03-10T18:22:08+00:00","twitter_card":"summary_large_image","twitter_misc":{"Est. reading time":"1 minute"},"schema":{"@context":"https:\/\/schema.org","@graph":[{"@type":"WebPage","@id":"https:\/\/aplv.21.edu.ar\/en\/product\/curso-en-evaluacion-del-aprendizaje\/","url":"https:\/\/aplv.21.edu.ar\/en\/product\/curso-en-evaluacion-del-aprendizaje\/","name":"CURSO EN EVALUACI\u00d3N DEL APRENDIZAJE - Siglo 21","isPartOf":{"@id":"https:\/\/aplv.21.edu.ar\/#website"},"datePublished":"2024-09-25T18:49:06+00:00","dateModified":"2025-03-10T18:22:08+00:00","breadcrumb":{"@id":"https:\/\/aplv.21.edu.ar\/en\/product\/curso-en-evaluacion-del-aprendizaje\/#breadcrumb"},"inLanguage":"en-US","potentialAction":[{"@type":"ReadAction","target":["https:\/\/aplv.21.edu.ar\/en\/product\/curso-en-evaluacion-del-aprendizaje\/"]}]},{"@type":"BreadcrumbList","@id":"https:\/\/aplv.21.edu.ar\/en\/product\/curso-en-evaluacion-del-aprendizaje\/#breadcrumb","itemListElement":[{"@type":"ListItem","position":1,"name":"Home","item":"https:\/\/aplv.21.edu.ar\/"},{"@type":"ListItem","position":2,"name":"Productos","item":"https:\/\/aplv.21.edu.ar\/product\/"},{"@type":"ListItem","position":3,"name":"CURSO EN EVALUACI\u00d3N DEL APRENDIZAJE"}]},{"@type":"WebSite","@id":"https:\/\/aplv.21.edu.ar\/#website","url":"https:\/\/aplv.21.edu.ar\/","name":"Siglo 21","description":"Siglo 21","potentialAction":[{"@type":"SearchAction","target":{"@type":"EntryPoint","urlTemplate":"https:\/\/aplv.21.edu.ar\/?s={search_term_string}"},"query-input":"required name=search_term_string"}],"inLanguage":"en-US"}]}},"idiomas":{"en":16286,"es":16285},"_links":{"self":[{"href":"https:\/\/aplv.21.edu.ar\/en\/wp-json\/wp\/v2\/products\/16286"}],"collection":[{"href":"https:\/\/aplv.21.edu.ar\/en\/wp-json\/wp\/v2\/products"}],"about":[{"href":"https:\/\/aplv.21.edu.ar\/en\/wp-json\/wp\/v2\/types\/product"}],"author":[{"embeddable":true,"href":"https:\/\/aplv.21.edu.ar\/en\/wp-json\/wp\/v2\/users\/3"}],"replies":[{"embeddable":true,"href":"https:\/\/aplv.21.edu.ar\/en\/wp-json\/wp\/v2\/comments?post=16286"}],"version-history":[{"count":1,"href":"https:\/\/aplv.21.edu.ar\/en\/wp-json\/wp\/v2\/products\/16286\/revisions"}],"predecessor-version":[{"id":16479,"href":"https:\/\/aplv.21.edu.ar\/en\/wp-json\/wp\/v2\/products\/16286\/revisions\/16479"}],"wp:attachment":[{"href":"https:\/\/aplv.21.edu.ar\/en\/wp-json\/wp\/v2\/media?parent=16286"}],"wp:term":[{"taxonomy":"category","embeddable":true,"href":"https:\/\/aplv.21.edu.ar\/en\/wp-json\/wp\/v2\/categories?post=16286"}],"curies":[{"name":"wp","href":"https:\/\/api.w.org\/{rel}","templated":true}]}}

CURSO EN EVALUACIÓN DEL APRENDIZAJE

Básico

EVALUACIÓN DEL APRENDIZAJE

<p><span data-sheets-root="1">Para hacer referencia coherente a la evaluación, se debe reconocer expresamente la multidimensionalidad del concepto ya que, enseñar y aprender en este nuevo contexto lleva a los sujetos a adaptarse a las nuevas relaciones en el espacio y en el tiempo, relaciones que, por sus características particulares, implican la organización e integración de nueva información o conceptos a la estructura cognoscitiva de los sujetos. La evaluación es uno de los elementos de los procesos de enseñanza-aprendizaje más importantes debido a la dimensión de retroacción que proporciona al profesor, congruente con el modelo de enseñanza.<br />
El proceso de evaluar necesita de múltiples miradas, ya que su concepto y análisis fue cambiando paradigmas y perspectivas ideológicas, filosóficas, epistemológicas, sociales, pedagógicas, psicológicas y técnicas, entre otras. En este contexto, la evaluación es considerada como un instrumento que favorece la construcción de conocimientos, un acto de conocimiento constante, una etapa complementaria al aprendizaje<br />
Es parte del proceso didáctico e implica para los estudiantes una toma de conciencia de los aprendizajes adquiridos, un proceso holístico que abarca y confluye en diferentes momentos y actividades de la propuesta. Si bien la evaluación está investida de poder, por su impronta de control, también aporta a los actores del proceso de enseñanza y aprendizaje, datos y directrices sobre cómo retroalimentar la propuesta pedagógica desde la respuesta de los alumnos y, de este modo, avanzar en el conocimiento.<br />
</span></p>

MATERIA 1: PROCESOS, SISTEMAS Y MÉTODOS DE LA EVALUACIÓN DEL APRENDIZAJE

<p>Módulo 1: Introducción a la evaluación del aprendizaje<br />
Módulo 2: ¿Qué implica evaluar?<br />
Módulo 3: La evaluación como instrumento didáctico<br />
Módulo 4: La evaluación del aprendizaje</p>

<!-- This site is optimized with the Yoast SEO plugin v23.0 - https://yoast.com/wordpress/plugins/seo/ -->
<title>CURSO EN EVALUACIÓN DEL APRENDIZAJE - Siglo 21</title>
<meta name="robots" content="index, follow, max-snippet:-1, max-image-preview:large, max-video-preview:-1" />
<link rel="canonical" href="https://aplv.21.edu.ar/en/product/curso-en-evaluacion-del-aprendizaje/" />
<meta property="og:locale" content="en_US" />
<meta property="og:type" content="article" />
<meta property="og:title" content="CURSO EN EVALUACIÓN DEL APRENDIZAJE - Siglo 21" />
<meta property="og:description" content="excerpt" />
<meta property="og:url" content="https://aplv.21.edu.ar/en/product/curso-en-evaluacion-del-aprendizaje/" />
<meta property="og:site_name" content="Siglo 21" />
<meta property="article:modified_time" content="2025-03-10T18:22:08+00:00" />
<meta name="twitter:card" content="summary_large_image" />
<meta name="twitter:label1" content="Est. reading time" />
	<meta name="twitter:data1" content="1 minute" />
<script type="application/ld+json" class="yoast-schema-graph">{"@context":"https://schema.org","@graph":[{"@type":"WebPage","@id":"https://aplv.21.edu.ar/en/product/curso-en-evaluacion-del-aprendizaje/","url":"https://aplv.21.edu.ar/en/product/curso-en-evaluacion-del-aprendizaje/","name":"CURSO EN EVALUACIÓN DEL APRENDIZAJE - Siglo 21","isPartOf":{"@id":"https://aplv.21.edu.ar/#website"},"datePublished":"2024-09-25T18:49:06+00:00","dateModified":"2025-03-10T18:22:08+00:00","breadcrumb":{"@id":"https://aplv.21.edu.ar/en/product/curso-en-evaluacion-del-aprendizaje/#breadcrumb"},"inLanguage":"en-US","potentialAction":[{"@type":"ReadAction","target":["https://aplv.21.edu.ar/en/product/curso-en-evaluacion-del-aprendizaje/"]}]},{"@type":"BreadcrumbList","@id":"https://aplv.21.edu.ar/en/product/curso-en-evaluacion-del-aprendizaje/#breadcrumb","itemListElement":[{"@type":"ListItem","position":1,"name":"Home","item":"https://aplv.21.edu.ar/"},{"@type":"ListItem","position":2,"name":"Productos","item":"https://aplv.21.edu.ar/product/"},{"@type":"ListItem","position":3,"name":"CURSO EN EVALUACIÓN DEL APRENDIZAJE"}]},{"@type":"WebSite","@id":"https://aplv.21.edu.ar/#website","url":"https://aplv.21.edu.ar/","name":"Siglo 21","description":"Siglo 21","potentialAction":[{"@type":"SearchAction","target":{"@type":"EntryPoint","urlTemplate":"https://aplv.21.edu.ar/?s={search_term_string}"},"query-input":"required name=search_term_string"}],"inLanguage":"en-US"}]}</script>
<!-- / Yoast SEO plugin. -->

CURSO EN EVALUACIÓN DEL APRENDIZAJE - Siglo 21
