{"id":18486,"date":"2025-03-14T18:46:33","date_gmt":"2025-03-14T18:46:33","guid":{"rendered":"https:\/\/aplv.21.edu.ar\/?post_type=product&#038;p=18486"},"modified":"2025-03-14T18:47:42","modified_gmt":"2025-03-14T18:47:42","slug":"certificado-en-fortalecimiento-de-la-gestion-en-organizaciones","status":"publish","type":"product","link":"https:\/\/aplv.21.edu.ar\/en\/product\/certificado-en-fortalecimiento-de-la-gestion-en-organizaciones\/","title":{"rendered":"CERTIFICADO EN FORTALECIMIENTO DE LA GESTI\u00d3N EN ORGANIZACIONES"},"content":{"rendered":"<p>contenido<\/p>\n","protected":false},"excerpt":{"rendered":"<p>excerpt<\/p>\n","protected":false},"author":3,"featured_media":0,"comment_status":"open","ping_status":"closed","template":"","meta":{"_acf_changed":false,"footnotes":""},"categories":[22],"class_list":["post-18486","product","type-product","status-publish","hentry","category-negocios-y-management-en"],"acf":{"external_id":"2502","precio":"825.780","impartido_en":["es","en"],"hubspot_product_id":"19878969693","imagen_destacada":18613,"header_image":"https:\/\/static.capabiliaserver.com\/frontend\/clients\/aplv\/wp_prod\/wp-content\/uploads\/7c2de3f9-aplv-header-1920-x-940.png","precio_en_cuotas":"4 Cuotas de $206.445","precio_de_lista":"","mostrar_form":false,"promocion_vigente":"","duracion_del_curso":"4 Meses","tipo_de_programa":"Certificado","nivel_del_curso":"B\u00e1sico","modalidad":"Online","dedicacion":"","titulo":"Certificado en Fortalecimiento de la Gesti\u00f3n en Organizaciones","contenido":"<p>Las ventajas competitivas implican trabajar con innovaci\u00f3n y eficiencia para alcanzar el desarrollo econ\u00f3mico sostenible. La competitividad tiene incidencia en la forma de plantear y desarrollar cualquier iniciativa de negocios, lo que est\u00e1 provocando obviamente una evoluci\u00f3n en el modelo de empresa y empresario.<\/p>\n<p>Resulta importante para nuestra sociedad contar con profesionales calificados y capaces de conducir empresas y organizaciones en dicho contexto. Los mismos demandan cada vez m\u00e1s y mejor preparaci\u00f3n, disponer de herramientas para el dise\u00f1o y aplicaci\u00f3n de metodolog\u00edas flexibles e integrales de gesti\u00f3n, conocimientos y habilidades que les permitan comprender la responsabilidad social de la empresa, su cultura, su direcci\u00f3n estrat\u00e9gica y su gerencia cotidiana, dentro de un sistema de mejora continua.<\/p>\n<p>Es asimismo labor de cada organizaci\u00f3n buscar, cuidar y fortalecer sus ventajas competitivas, y los profesionales que las integran deben contar con las competencias necesarias para contribuir a ese proceso. Cuando existe competitividad, una empresa puede embarcarse en un proceso de crecimiento e introducir nuevos productos o servicios, as\u00ed como innovar en su oferta y mejorar sus prestaciones.<\/p>\n","avalado_por":"https:\/\/static.capabiliaserver.com\/frontend\/clients\/aplv\/wp_prod\/wp-content\/uploads\/75f5c34c-microcredenciales.png","pdf_brochure":false,"cursos_que_lo_componen":[{"nombre_del_curso":"GESTI\u00d3N DE OPERACIONES","descripcion_del_curso":"<p>M\u00f3dulo 1: Introducci\u00f3n a la funci\u00f3n de operaciones y log\u00edstica<br \/>\nM\u00f3dulo 2: Operaciones y Log\u00edstica como Herramientas Competitivas<br \/>\nM\u00f3dulo 3: Gesti\u00f3n Log\u00edstica y Operativa<br \/>\nM\u00f3dulo 4: Instrumentos para la Mejora Continua<\/p>\n"},{"nombre_del_curso":"GESTI\u00d3N ECON\u00d3MICO-FINANCIERA","descripcion_del_curso":"<p>M\u00f3dulo 1: Optimizaci\u00f3n de Costos Operativos<br \/>\nM\u00f3dulo 2: An\u00e1lisis de Inversiones<br \/>\nM\u00f3dulo 3: Crecer con Equilibrio Financiero<br \/>\nM\u00f3dulo 4: La importancia de una buena Gesti\u00f3n Tributaria<\/p>\n"},{"nombre_del_curso":"FORTALECIMIENTO DE LA GESTI\u00d3N HUMANA","descripcion_del_curso":"<p>M\u00f3dulo 1: Gesti\u00f3n del Liderazgo y Trabajo Colaborativo.<br \/>\nM\u00f3dulo 2: Gesti\u00f3n del Talento<br \/>\nM\u00f3dulo 3: Mentalidad \u00c1gil<br \/>\nM\u00f3dulo 4: Intrapreneurship y Empoderamiento (de las nuevas generaciones en la empresa)<\/p>\n"},{"nombre_del_curso":"ESTRATEGIA COMERCIAL DIGITAL","descripcion_del_curso":"<p>M\u00f3dulo 1: Marketing: Estrategia y Plan Digital<br \/>\nM\u00f3dulo 2: Implementaci\u00f3n: Comunicaciones proactivas, interactivas y disruptivas<br \/>\nM\u00f3dulo 3: Content marketing. CRM. Plataformas digitales.<br \/>\nM\u00f3dulo 4: E-commerce<\/p>\n"}],"preguntas_frecuentes":false,"docentes_expertos":[{"foto":"https:\/\/static.capabiliaserver.com\/frontend\/clients\/aplv\/wp_prod\/wp-content\/uploads\/63edc791-denise-ferreyra.jpeg","nombre_del_docente":"Denise Ferreyra","descripcion_del_docente":"Especialista en Estrategia y Gesti\u00f3n","enlace":""}]},"yoast_head":"<!-- This site is optimized with the Yoast SEO plugin v23.0 - https:\/\/yoast.com\/wordpress\/plugins\/seo\/ -->\n<title>CERTIFICADO EN FORTALECIMIENTO DE LA GESTI\u00d3N EN ORGANIZACIONES - Siglo 21<\/title>\n<meta name=\"robots\" content=\"index, follow, max-snippet:-1, max-image-preview:large, max-video-preview:-1\" \/>\n<link rel=\"canonical\" href=\"https:\/\/aplv.21.edu.ar\/en\/product\/certificado-en-fortalecimiento-de-la-gestion-en-organizaciones\/\" \/>\n<meta property=\"og:locale\" content=\"en_US\" \/>\n<meta property=\"og:type\" content=\"article\" \/>\n<meta property=\"og:title\" content=\"CERTIFICADO EN FORTALECIMIENTO DE LA GESTI\u00d3N EN ORGANIZACIONES - Siglo 21\" \/>\n<meta property=\"og:description\" content=\"excerpt\" \/>\n<meta property=\"og:url\" content=\"https:\/\/aplv.21.edu.ar\/en\/product\/certificado-en-fortalecimiento-de-la-gestion-en-organizaciones\/\" \/>\n<meta property=\"og:site_name\" content=\"Siglo 21\" \/>\n<meta property=\"article:modified_time\" content=\"2025-03-14T18:47:42+00:00\" \/>\n<meta name=\"twitter:card\" content=\"summary_large_image\" \/>\n<meta name=\"twitter:label1\" content=\"Est. reading time\" \/>\n\t<meta name=\"twitter:data1\" content=\"1 minute\" \/>\n<script type=\"application\/ld+json\" class=\"yoast-schema-graph\">{\"@context\":\"https:\/\/schema.org\",\"@graph\":[{\"@type\":\"WebPage\",\"@id\":\"https:\/\/aplv.21.edu.ar\/en\/product\/certificado-en-fortalecimiento-de-la-gestion-en-organizaciones\/\",\"url\":\"https:\/\/aplv.21.edu.ar\/en\/product\/certificado-en-fortalecimiento-de-la-gestion-en-organizaciones\/\",\"name\":\"CERTIFICADO EN FORTALECIMIENTO DE LA GESTI\u00d3N EN ORGANIZACIONES - Siglo 21\",\"isPartOf\":{\"@id\":\"https:\/\/aplv.21.edu.ar\/#website\"},\"datePublished\":\"2025-03-14T18:46:33+00:00\",\"dateModified\":\"2025-03-14T18:47:42+00:00\",\"breadcrumb\":{\"@id\":\"https:\/\/aplv.21.edu.ar\/en\/product\/certificado-en-fortalecimiento-de-la-gestion-en-organizaciones\/#breadcrumb\"},\"inLanguage\":\"en-US\",\"potentialAction\":[{\"@type\":\"ReadAction\",\"target\":[\"https:\/\/aplv.21.edu.ar\/en\/product\/certificado-en-fortalecimiento-de-la-gestion-en-organizaciones\/\"]}]},{\"@type\":\"BreadcrumbList\",\"@id\":\"https:\/\/aplv.21.edu.ar\/en\/product\/certificado-en-fortalecimiento-de-la-gestion-en-organizaciones\/#breadcrumb\",\"itemListElement\":[{\"@type\":\"ListItem\",\"position\":1,\"name\":\"Home\",\"item\":\"https:\/\/aplv.21.edu.ar\/\"},{\"@type\":\"ListItem\",\"position\":2,\"name\":\"Productos\",\"item\":\"https:\/\/aplv.21.edu.ar\/product\/\"},{\"@type\":\"ListItem\",\"position\":3,\"name\":\"CERTIFICADO EN FORTALECIMIENTO DE LA GESTI\u00d3N EN ORGANIZACIONES\"}]},{\"@type\":\"WebSite\",\"@id\":\"https:\/\/aplv.21.edu.ar\/#website\",\"url\":\"https:\/\/aplv.21.edu.ar\/\",\"name\":\"Siglo 21\",\"description\":\"Siglo 21\",\"potentialAction\":[{\"@type\":\"SearchAction\",\"target\":{\"@type\":\"EntryPoint\",\"urlTemplate\":\"https:\/\/aplv.21.edu.ar\/?s={search_term_string}\"},\"query-input\":\"required name=search_term_string\"}],\"inLanguage\":\"en-US\"}]}<\/script>\n<!-- \/ Yoast SEO plugin. -->","yoast_head_json":{"title":"CERTIFICADO EN FORTALECIMIENTO DE LA GESTI\u00d3N EN ORGANIZACIONES - Siglo 21","robots":{"index":"index","follow":"follow","max-snippet":"max-snippet:-1","max-image-preview":"max-image-preview:large","max-video-preview":"max-video-preview:-1"},"canonical":"https:\/\/aplv.21.edu.ar\/en\/product\/certificado-en-fortalecimiento-de-la-gestion-en-organizaciones\/","og_locale":"en_US","og_type":"article","og_title":"CERTIFICADO EN FORTALECIMIENTO DE LA GESTI\u00d3N EN ORGANIZACIONES - Siglo 21","og_description":"excerpt","og_url":"https:\/\/aplv.21.edu.ar\/en\/product\/certificado-en-fortalecimiento-de-la-gestion-en-organizaciones\/","og_site_name":"Siglo 21","article_modified_time":"2025-03-14T18:47:42+00:00","twitter_card":"summary_large_image","twitter_misc":{"Est. reading time":"1 minute"},"schema":{"@context":"https:\/\/schema.org","@graph":[{"@type":"WebPage","@id":"https:\/\/aplv.21.edu.ar\/en\/product\/certificado-en-fortalecimiento-de-la-gestion-en-organizaciones\/","url":"https:\/\/aplv.21.edu.ar\/en\/product\/certificado-en-fortalecimiento-de-la-gestion-en-organizaciones\/","name":"CERTIFICADO EN FORTALECIMIENTO DE LA GESTI\u00d3N EN ORGANIZACIONES - Siglo 21","isPartOf":{"@id":"https:\/\/aplv.21.edu.ar\/#website"},"datePublished":"2025-03-14T18:46:33+00:00","dateModified":"2025-03-14T18:47:42+00:00","breadcrumb":{"@id":"https:\/\/aplv.21.edu.ar\/en\/product\/certificado-en-fortalecimiento-de-la-gestion-en-organizaciones\/#breadcrumb"},"inLanguage":"en-US","potentialAction":[{"@type":"ReadAction","target":["https:\/\/aplv.21.edu.ar\/en\/product\/certificado-en-fortalecimiento-de-la-gestion-en-organizaciones\/"]}]},{"@type":"BreadcrumbList","@id":"https:\/\/aplv.21.edu.ar\/en\/product\/certificado-en-fortalecimiento-de-la-gestion-en-organizaciones\/#breadcrumb","itemListElement":[{"@type":"ListItem","position":1,"name":"Home","item":"https:\/\/aplv.21.edu.ar\/"},{"@type":"ListItem","position":2,"name":"Productos","item":"https:\/\/aplv.21.edu.ar\/product\/"},{"@type":"ListItem","position":3,"name":"CERTIFICADO EN FORTALECIMIENTO DE LA GESTI\u00d3N EN ORGANIZACIONES"}]},{"@type":"WebSite","@id":"https:\/\/aplv.21.edu.ar\/#website","url":"https:\/\/aplv.21.edu.ar\/","name":"Siglo 21","description":"Siglo 21","potentialAction":[{"@type":"SearchAction","target":{"@type":"EntryPoint","urlTemplate":"https:\/\/aplv.21.edu.ar\/?s={search_term_string}"},"query-input":"required name=search_term_string"}],"inLanguage":"en-US"}]}},"idiomas":{"en":18486,"es":18485},"_links":{"self":[{"href":"https:\/\/aplv.21.edu.ar\/en\/wp-json\/wp\/v2\/products\/18486"}],"collection":[{"href":"https:\/\/aplv.21.edu.ar\/en\/wp-json\/wp\/v2\/products"}],"about":[{"href":"https:\/\/aplv.21.edu.ar\/en\/wp-json\/wp\/v2\/types\/product"}],"author":[{"embeddable":true,"href":"https:\/\/aplv.21.edu.ar\/en\/wp-json\/wp\/v2\/users\/3"}],"replies":[{"embeddable":true,"href":"https:\/\/aplv.21.edu.ar\/en\/wp-json\/wp\/v2\/comments?post=18486"}],"version-history":[{"count":1,"href":"https:\/\/aplv.21.edu.ar\/en\/wp-json\/wp\/v2\/products\/18486\/revisions"}],"predecessor-version":[{"id":18520,"href":"https:\/\/aplv.21.edu.ar\/en\/wp-json\/wp\/v2\/products\/18486\/revisions\/18520"}],"wp:attachment":[{"href":"https:\/\/aplv.21.edu.ar\/en\/wp-json\/wp\/v2\/media?parent=18486"}],"wp:term":[{"taxonomy":"category","embeddable":true,"href":"https:\/\/aplv.21.edu.ar\/en\/wp-json\/wp\/v2\/categories?post=18486"}],"curies":[{"name":"wp","href":"https:\/\/api.w.org\/{rel}","templated":true}]}}

CERTIFICADO EN FORTALECIMIENTO DE LA GESTIÓN EN ORGANIZACIONES

Básico

Certificado en Fortalecimiento de la Gestión en Organizaciones

<p>Las ventajas competitivas implican trabajar con innovación y eficiencia para alcanzar el desarrollo económico sostenible. La competitividad tiene incidencia en la forma de plantear y desarrollar cualquier iniciativa de negocios, lo que está provocando obviamente una evolución en el modelo de empresa y empresario.</p>
<p>Resulta importante para nuestra sociedad contar con profesionales calificados y capaces de conducir empresas y organizaciones en dicho contexto. Los mismos demandan cada vez más y mejor preparación, disponer de herramientas para el diseño y aplicación de metodologías flexibles e integrales de gestión, conocimientos y habilidades que les permitan comprender la responsabilidad social de la empresa, su cultura, su dirección estratégica y su gerencia cotidiana, dentro de un sistema de mejora continua.</p>
<p>Es asimismo labor de cada organización buscar, cuidar y fortalecer sus ventajas competitivas, y los profesionales que las integran deben contar con las competencias necesarias para contribuir a ese proceso. Cuando existe competitividad, una empresa puede embarcarse en un proceso de crecimiento e introducir nuevos productos o servicios, así como innovar en su oferta y mejorar sus prestaciones.</p>

GESTIÓN DE OPERACIONES

<p>Módulo 1: Introducción a la función de operaciones y logística<br />
Módulo 2: Operaciones y Logística como Herramientas Competitivas<br />
Módulo 3: Gestión Logística y Operativa<br />
Módulo 4: Instrumentos para la Mejora Continua</p>

GESTIÓN ECONÓMICO-FINANCIERA

<p>Módulo 1: Optimización de Costos Operativos<br />
Módulo 2: Análisis de Inversiones<br />
Módulo 3: Crecer con Equilibrio Financiero<br />
Módulo 4: La importancia de una buena Gestión Tributaria</p>

FORTALECIMIENTO DE LA GESTIÓN HUMANA

<p>Módulo 1: Gestión del Liderazgo y Trabajo Colaborativo.<br />
Módulo 2: Gestión del Talento<br />
Módulo 3: Mentalidad Ágil<br />
Módulo 4: Intrapreneurship y Empoderamiento (de las nuevas generaciones en la empresa)</p>

<p>Módulo 1: Marketing: Estrategia y Plan Digital<br />
Módulo 2: Implementación: Comunicaciones proactivas, interactivas y disruptivas<br />
Módulo 3: Content marketing. CRM. Plataformas digitales.<br />
Módulo 4: E-commerce</p>

Especialista en Estrategia y Gestión

<!-- This site is optimized with the Yoast SEO plugin v23.0 - https://yoast.com/wordpress/plugins/seo/ -->
<title>CERTIFICADO EN FORTALECIMIENTO DE LA GESTIÓN EN ORGANIZACIONES - Siglo 21</title>
<meta name="robots" content="index, follow, max-snippet:-1, max-image-preview:large, max-video-preview:-1" />
<link rel="canonical" href="https://aplv.21.edu.ar/en/product/certificado-en-fortalecimiento-de-la-gestion-en-organizaciones/" />
<meta property="og:locale" content="en_US" />
<meta property="og:type" content="article" />
<meta property="og:title" content="CERTIFICADO EN FORTALECIMIENTO DE LA GESTIÓN EN ORGANIZACIONES - Siglo 21" />
<meta property="og:description" content="excerpt" />
<meta property="og:url" content="https://aplv.21.edu.ar/en/product/certificado-en-fortalecimiento-de-la-gestion-en-organizaciones/" />
<meta property="og:site_name" content="Siglo 21" />
<meta property="article:modified_time" content="2025-03-14T18:47:42+00:00" />
<meta name="twitter:card" content="summary_large_image" />
<meta name="twitter:label1" content="Est. reading time" />
	<meta name="twitter:data1" content="1 minute" />
<script type="application/ld+json" class="yoast-schema-graph">{"@context":"https://schema.org","@graph":[{"@type":"WebPage","@id":"https://aplv.21.edu.ar/en/product/certificado-en-fortalecimiento-de-la-gestion-en-organizaciones/","url":"https://aplv.21.edu.ar/en/product/certificado-en-fortalecimiento-de-la-gestion-en-organizaciones/","name":"CERTIFICADO EN FORTALECIMIENTO DE LA GESTIÓN EN ORGANIZACIONES - Siglo 21","isPartOf":{"@id":"https://aplv.21.edu.ar/#website"},"datePublished":"2025-03-14T18:46:33+00:00","dateModified":"2025-03-14T18:47:42+00:00","breadcrumb":{"@id":"https://aplv.21.edu.ar/en/product/certificado-en-fortalecimiento-de-la-gestion-en-organizaciones/#breadcrumb"},"inLanguage":"en-US","potentialAction":[{"@type":"ReadAction","target":["https://aplv.21.edu.ar/en/product/certificado-en-fortalecimiento-de-la-gestion-en-organizaciones/"]}]},{"@type":"BreadcrumbList","@id":"https://aplv.21.edu.ar/en/product/certificado-en-fortalecimiento-de-la-gestion-en-organizaciones/#breadcrumb","itemListElement":[{"@type":"ListItem","position":1,"name":"Home","item":"https://aplv.21.edu.ar/"},{"@type":"ListItem","position":2,"name":"Productos","item":"https://aplv.21.edu.ar/product/"},{"@type":"ListItem","position":3,"name":"CERTIFICADO EN FORTALECIMIENTO DE LA GESTIÓN EN ORGANIZACIONES"}]},{"@type":"WebSite","@id":"https://aplv.21.edu.ar/#website","url":"https://aplv.21.edu.ar/","name":"Siglo 21","description":"Siglo 21","potentialAction":[{"@type":"SearchAction","target":{"@type":"EntryPoint","urlTemplate":"https://aplv.21.edu.ar/?s={search_term_string}"},"query-input":"required name=search_term_string"}],"inLanguage":"en-US"}]}</script>
<!-- / Yoast SEO plugin. -->

CERTIFICADO EN FORTALECIMIENTO DE LA GESTIÓN EN ORGANIZACIONES - Siglo 21
