{"id":604,"date":"2019-05-08T14:15:25","date_gmt":"2019-05-08T14:15:25","guid":{"rendered":"https:\/\/aplv.21.edu.ar\/product\/certificado-en-gestion-de-las-relaciones-laborales\/"},"modified":"2025-03-10T17:41:18","modified_gmt":"2025-03-10T17:41:18","slug":"certificado-en-gestion-de-las-relaciones-laborales","status":"publish","type":"product","link":"https:\/\/aplv.21.edu.ar\/en\/product\/certificado-en-gestion-de-las-relaciones-laborales\/","title":{"rendered":"CERTIFICADO EN GESTI\u00d3N DE LAS RELACIONES LABORALES"},"content":{"rendered":"<p>contenido<\/p>\n","protected":false},"excerpt":{"rendered":"<p>excerpt<\/p>\n","protected":false},"author":3,"featured_media":0,"comment_status":"open","ping_status":"closed","template":"","meta":{"_acf_changed":false,"footnotes":""},"categories":[11],"class_list":["post-604","product","type-product","status-publish","hentry","category-desarrollo-profesional-en"],"acf":{"external_id":"390","precio":"520.242 ","cursos_que_lo_componen":[{"nombre_del_curso":"Aspectos Legales de las Relaciones Laborales","descripcion_del_curso":"<p>M\u00f3dulo 1: Relaci\u00f3n Laboral.<br \/>\nM\u00f3dulo 2: Suspensiones y Extinci\u00f3n.<br \/>\nM\u00f3dulo 3: Seguridad Social.<br \/>\nM\u00f3dulo 4: Riesgos del Trabajo.<\/p>\n"},{"nombre_del_curso":"Relaciones Sindicales y Derecho Colectivo","descripcion_del_curso":"<p>M\u00f3dulo 1: Sistema de Derecho colectivo.<br \/>\nM\u00f3dulo 2: Representaci\u00f3n Sindical en la Empresa.<br \/>\nM\u00f3dulo 3: Conflicto en el Derecho Colectivo.<br \/>\nM\u00f3dulo 4: Convenios Colectivos.<\/p>\n"},{"nombre_del_curso":"\u00c1mbitos de Negociaci\u00f3n en las Relaciones Laborales","descripcion_del_curso":"<p>M\u00f3dulo 1: Principios B\u00e1sicos de Negociaci\u00f3n.<br \/>\nM\u00f3dulo 2: Negociaci\u00f3n con el Personal.<br \/>\nM\u00f3dulo 3: Negociaci\u00f3n Colectiva.<br \/>\nM\u00f3dulo 4: Negociaci\u00f3n de Crisis. <\/p>\n"},{"nombre_del_curso":"Gesti\u00f3n del Capital Humano y Responsabilidad Social Empresaria","descripcion_del_curso":"<p>M\u00f3dulo 1: Planeamiento de los Recursos Humanos.<br \/>\nM\u00f3dulo 2: Carrera Profesional.<br \/>\nM\u00f3dulo 3: Desempe\u00f1o y Evaluaci\u00f3n.<br \/>\nM\u00f3dulo 4: Relaciones con el Personal y RSE.<\/p>\n"}],"avalado_por":"https:\/\/static.capabiliaserver.com\/frontend\/clients\/cloud21\/wp_dev\/wp-content\/uploads\/2019\/05\/c05a73fa-logo_siglo_21.png","precio_de_lista":"867.070 ","precio_en_cuotas":"Consultar descuento vigente","duracion_del_curso":"4 Meses","nivel_del_curso":"B\u00e1sico","dedicacion":"","modalidad":"100% Virtual","contenido":"<p>Frente a un contexto cambiante y la realidad de las empresas pymes en nuestro pa\u00eds, las relaciones laborales pasan siempre a ser un factor a gestionar de manera eficiente con el objetivo de mitigar el conflicto y gestionarlas eficazmente en nuestra organizaci\u00f3n.<\/p>\n<p>Para ello es necesario formar en competencias t\u00e9cnicas, pero tambi\u00e9n en competencias gen\u00e9ricas y estrat\u00e9gicas que brinden un abanico de posibilidades de gesti\u00f3n \u00f3ptima que se adec\u00fae a la necesidad del momento. A fin de lograr dicho objetivo es trascendental integrar las diferentes \u00e1reas disciplinares involucradas en la gesti\u00f3n de las relaciones laborales: el marco legal, las t\u00e9cnicas actuales de negociaci\u00f3n, los conceptos de responsabilidad social y la gesti\u00f3n del capital humano. R.R. UES 21 N\u00b0 3294\/2019.<\/p>\n","docentes_expertos":false,"preguntas_frecuentes":false,"pdf_brochure":false,"hubspot_product_id":"","imagen_destacada":2750,"header_image":"https:\/\/static.capabiliaserver.com\/frontend\/clients\/cloud21\/wp_dev\/wp-content\/uploads\/2019\/05\/ea08fc15-certificadoenrelacioneslaboraless-product-page-6.jpg","mostrar_form":false,"promocion_vigente":"","tipo_de_programa":"Programa de Aprendizaje para la Vida","titulo":"Certificado en Gesti\u00f3n de las Relaciones Laborales"},"yoast_head":"<!-- This site is optimized with the Yoast SEO plugin v23.0 - https:\/\/yoast.com\/wordpress\/plugins\/seo\/ -->\n<title>CERTIFICADO EN GESTI\u00d3N DE LAS RELACIONES LABORALES - Siglo 21<\/title>\n<meta name=\"robots\" content=\"index, follow, max-snippet:-1, max-image-preview:large, max-video-preview:-1\" \/>\n<link rel=\"canonical\" href=\"https:\/\/aplv.21.edu.ar\/en\/product\/certificado-en-gestion-de-las-relaciones-laborales\/\" \/>\n<meta property=\"og:locale\" content=\"en_US\" \/>\n<meta property=\"og:type\" content=\"article\" \/>\n<meta property=\"og:title\" content=\"CERTIFICADO EN GESTI\u00d3N DE LAS RELACIONES LABORALES - Siglo 21\" \/>\n<meta property=\"og:description\" content=\"excerpt\" \/>\n<meta property=\"og:url\" content=\"https:\/\/aplv.21.edu.ar\/en\/product\/certificado-en-gestion-de-las-relaciones-laborales\/\" \/>\n<meta property=\"og:site_name\" content=\"Siglo 21\" \/>\n<meta property=\"article:modified_time\" content=\"2025-03-10T17:41:18+00:00\" \/>\n<meta name=\"twitter:card\" content=\"summary_large_image\" \/>\n<meta name=\"twitter:label1\" content=\"Est. reading time\" \/>\n\t<meta name=\"twitter:data1\" content=\"1 minute\" \/>\n<script type=\"application\/ld+json\" class=\"yoast-schema-graph\">{\"@context\":\"https:\/\/schema.org\",\"@graph\":[{\"@type\":\"WebPage\",\"@id\":\"https:\/\/aplv.21.edu.ar\/en\/product\/certificado-en-gestion-de-las-relaciones-laborales\/\",\"url\":\"https:\/\/aplv.21.edu.ar\/en\/product\/certificado-en-gestion-de-las-relaciones-laborales\/\",\"name\":\"CERTIFICADO EN GESTI\u00d3N DE LAS RELACIONES LABORALES - Siglo 21\",\"isPartOf\":{\"@id\":\"https:\/\/aplv.21.edu.ar\/#website\"},\"datePublished\":\"2019-05-08T14:15:25+00:00\",\"dateModified\":\"2025-03-10T17:41:18+00:00\",\"breadcrumb\":{\"@id\":\"https:\/\/aplv.21.edu.ar\/en\/product\/certificado-en-gestion-de-las-relaciones-laborales\/#breadcrumb\"},\"inLanguage\":\"en-US\",\"potentialAction\":[{\"@type\":\"ReadAction\",\"target\":[\"https:\/\/aplv.21.edu.ar\/en\/product\/certificado-en-gestion-de-las-relaciones-laborales\/\"]}]},{\"@type\":\"BreadcrumbList\",\"@id\":\"https:\/\/aplv.21.edu.ar\/en\/product\/certificado-en-gestion-de-las-relaciones-laborales\/#breadcrumb\",\"itemListElement\":[{\"@type\":\"ListItem\",\"position\":1,\"name\":\"Home\",\"item\":\"https:\/\/aplv.21.edu.ar\/\"},{\"@type\":\"ListItem\",\"position\":2,\"name\":\"Productos\",\"item\":\"https:\/\/aplv.21.edu.ar\/product\/\"},{\"@type\":\"ListItem\",\"position\":3,\"name\":\"CERTIFICADO EN GESTI\u00d3N DE LAS RELACIONES LABORALES\"}]},{\"@type\":\"WebSite\",\"@id\":\"https:\/\/aplv.21.edu.ar\/#website\",\"url\":\"https:\/\/aplv.21.edu.ar\/\",\"name\":\"Siglo 21\",\"description\":\"Siglo 21\",\"potentialAction\":[{\"@type\":\"SearchAction\",\"target\":{\"@type\":\"EntryPoint\",\"urlTemplate\":\"https:\/\/aplv.21.edu.ar\/?s={search_term_string}\"},\"query-input\":\"required name=search_term_string\"}],\"inLanguage\":\"en-US\"}]}<\/script>\n<!-- \/ Yoast SEO plugin. -->","yoast_head_json":{"title":"CERTIFICADO EN GESTI\u00d3N DE LAS RELACIONES LABORALES - Siglo 21","robots":{"index":"index","follow":"follow","max-snippet":"max-snippet:-1","max-image-preview":"max-image-preview:large","max-video-preview":"max-video-preview:-1"},"canonical":"https:\/\/aplv.21.edu.ar\/en\/product\/certificado-en-gestion-de-las-relaciones-laborales\/","og_locale":"en_US","og_type":"article","og_title":"CERTIFICADO EN GESTI\u00d3N DE LAS RELACIONES LABORALES - Siglo 21","og_description":"excerpt","og_url":"https:\/\/aplv.21.edu.ar\/en\/product\/certificado-en-gestion-de-las-relaciones-laborales\/","og_site_name":"Siglo 21","article_modified_time":"2025-03-10T17:41:18+00:00","twitter_card":"summary_large_image","twitter_misc":{"Est. reading time":"1 minute"},"schema":{"@context":"https:\/\/schema.org","@graph":[{"@type":"WebPage","@id":"https:\/\/aplv.21.edu.ar\/en\/product\/certificado-en-gestion-de-las-relaciones-laborales\/","url":"https:\/\/aplv.21.edu.ar\/en\/product\/certificado-en-gestion-de-las-relaciones-laborales\/","name":"CERTIFICADO EN GESTI\u00d3N DE LAS RELACIONES LABORALES - Siglo 21","isPartOf":{"@id":"https:\/\/aplv.21.edu.ar\/#website"},"datePublished":"2019-05-08T14:15:25+00:00","dateModified":"2025-03-10T17:41:18+00:00","breadcrumb":{"@id":"https:\/\/aplv.21.edu.ar\/en\/product\/certificado-en-gestion-de-las-relaciones-laborales\/#breadcrumb"},"inLanguage":"en-US","potentialAction":[{"@type":"ReadAction","target":["https:\/\/aplv.21.edu.ar\/en\/product\/certificado-en-gestion-de-las-relaciones-laborales\/"]}]},{"@type":"BreadcrumbList","@id":"https:\/\/aplv.21.edu.ar\/en\/product\/certificado-en-gestion-de-las-relaciones-laborales\/#breadcrumb","itemListElement":[{"@type":"ListItem","position":1,"name":"Home","item":"https:\/\/aplv.21.edu.ar\/"},{"@type":"ListItem","position":2,"name":"Productos","item":"https:\/\/aplv.21.edu.ar\/product\/"},{"@type":"ListItem","position":3,"name":"CERTIFICADO EN GESTI\u00d3N DE LAS RELACIONES LABORALES"}]},{"@type":"WebSite","@id":"https:\/\/aplv.21.edu.ar\/#website","url":"https:\/\/aplv.21.edu.ar\/","name":"Siglo 21","description":"Siglo 21","potentialAction":[{"@type":"SearchAction","target":{"@type":"EntryPoint","urlTemplate":"https:\/\/aplv.21.edu.ar\/?s={search_term_string}"},"query-input":"required name=search_term_string"}],"inLanguage":"en-US"}]}},"idiomas":{"en":604,"es":603},"_links":{"self":[{"href":"https:\/\/aplv.21.edu.ar\/en\/wp-json\/wp\/v2\/products\/604"}],"collection":[{"href":"https:\/\/aplv.21.edu.ar\/en\/wp-json\/wp\/v2\/products"}],"about":[{"href":"https:\/\/aplv.21.edu.ar\/en\/wp-json\/wp\/v2\/types\/product"}],"author":[{"embeddable":true,"href":"https:\/\/aplv.21.edu.ar\/en\/wp-json\/wp\/v2\/users\/3"}],"replies":[{"embeddable":true,"href":"https:\/\/aplv.21.edu.ar\/en\/wp-json\/wp\/v2\/comments?post=604"}],"version-history":[{"count":5,"href":"https:\/\/aplv.21.edu.ar\/en\/wp-json\/wp\/v2\/products\/604\/revisions"}],"predecessor-version":[{"id":14171,"href":"https:\/\/aplv.21.edu.ar\/en\/wp-json\/wp\/v2\/products\/604\/revisions\/14171"}],"wp:attachment":[{"href":"https:\/\/aplv.21.edu.ar\/en\/wp-json\/wp\/v2\/media?parent=604"}],"wp:term":[{"taxonomy":"category","embeddable":true,"href":"https:\/\/aplv.21.edu.ar\/en\/wp-json\/wp\/v2\/categories?post=604"}],"curies":[{"name":"wp","href":"https:\/\/api.w.org\/{rel}","templated":true}]}}

CERTIFICADO EN GESTIÓN DE LAS RELACIONES LABORALES

<p>Módulo 1: Relación Laboral.<br />
Módulo 2: Suspensiones y Extinción.<br />
Módulo 3: Seguridad Social.<br />
Módulo 4: Riesgos del Trabajo.</p>

<p>Módulo 1: Sistema de Derecho colectivo.<br />
Módulo 2: Representación Sindical en la Empresa.<br />
Módulo 3: Conflicto en el Derecho Colectivo.<br />
Módulo 4: Convenios Colectivos.</p>

Ámbitos de Negociación en las Relaciones Laborales

<p>Módulo 1: Principios Básicos de Negociación.<br />
Módulo 2: Negociación con el Personal.<br />
Módulo 3: Negociación Colectiva.<br />
Módulo 4: Negociación de Crisis. </p>

Gestión del Capital Humano y Responsabilidad Social Empresaria

<p>Módulo 1: Planeamiento de los Recursos Humanos.<br />
Módulo 2: Carrera Profesional.<br />
Módulo 3: Desempeño y Evaluación.<br />
Módulo 4: Relaciones con el Personal y RSE.</p>

Básico

<p>Frente a un contexto cambiante y la realidad de las empresas pymes en nuestro país, las relaciones laborales pasan siempre a ser un factor a gestionar de manera eficiente con el objetivo de mitigar el conflicto y gestionarlas eficazmente en nuestra organización.</p>
<p>Para ello es necesario formar en competencias técnicas, pero también en competencias genéricas y estratégicas que brinden un abanico de posibilidades de gestión óptima que se adecúe a la necesidad del momento. A fin de lograr dicho objetivo es trascendental integrar las diferentes áreas disciplinares involucradas en la gestión de las relaciones laborales: el marco legal, las técnicas actuales de negociación, los conceptos de responsabilidad social y la gestión del capital humano. R.R. UES 21 N° 3294/2019.</p>

Certificado en Gestión de las Relaciones Laborales

<!-- This site is optimized with the Yoast SEO plugin v23.0 - https://yoast.com/wordpress/plugins/seo/ -->
<title>CERTIFICADO EN GESTIÓN DE LAS RELACIONES LABORALES - Siglo 21</title>
<meta name="robots" content="index, follow, max-snippet:-1, max-image-preview:large, max-video-preview:-1" />
<link rel="canonical" href="https://aplv.21.edu.ar/en/product/certificado-en-gestion-de-las-relaciones-laborales/" />
<meta property="og:locale" content="en_US" />
<meta property="og:type" content="article" />
<meta property="og:title" content="CERTIFICADO EN GESTIÓN DE LAS RELACIONES LABORALES - Siglo 21" />
<meta property="og:description" content="excerpt" />
<meta property="og:url" content="https://aplv.21.edu.ar/en/product/certificado-en-gestion-de-las-relaciones-laborales/" />
<meta property="og:site_name" content="Siglo 21" />
<meta property="article:modified_time" content="2025-03-10T17:41:18+00:00" />
<meta name="twitter:card" content="summary_large_image" />
<meta name="twitter:label1" content="Est. reading time" />
	<meta name="twitter:data1" content="1 minute" />
<script type="application/ld+json" class="yoast-schema-graph">{"@context":"https://schema.org","@graph":[{"@type":"WebPage","@id":"https://aplv.21.edu.ar/en/product/certificado-en-gestion-de-las-relaciones-laborales/","url":"https://aplv.21.edu.ar/en/product/certificado-en-gestion-de-las-relaciones-laborales/","name":"CERTIFICADO EN GESTIÓN DE LAS RELACIONES LABORALES - Siglo 21","isPartOf":{"@id":"https://aplv.21.edu.ar/#website"},"datePublished":"2019-05-08T14:15:25+00:00","dateModified":"2025-03-10T17:41:18+00:00","breadcrumb":{"@id":"https://aplv.21.edu.ar/en/product/certificado-en-gestion-de-las-relaciones-laborales/#breadcrumb"},"inLanguage":"en-US","potentialAction":[{"@type":"ReadAction","target":["https://aplv.21.edu.ar/en/product/certificado-en-gestion-de-las-relaciones-laborales/"]}]},{"@type":"BreadcrumbList","@id":"https://aplv.21.edu.ar/en/product/certificado-en-gestion-de-las-relaciones-laborales/#breadcrumb","itemListElement":[{"@type":"ListItem","position":1,"name":"Home","item":"https://aplv.21.edu.ar/"},{"@type":"ListItem","position":2,"name":"Productos","item":"https://aplv.21.edu.ar/product/"},{"@type":"ListItem","position":3,"name":"CERTIFICADO EN GESTIÓN DE LAS RELACIONES LABORALES"}]},{"@type":"WebSite","@id":"https://aplv.21.edu.ar/#website","url":"https://aplv.21.edu.ar/","name":"Siglo 21","description":"Siglo 21","potentialAction":[{"@type":"SearchAction","target":{"@type":"EntryPoint","urlTemplate":"https://aplv.21.edu.ar/?s={search_term_string}"},"query-input":"required name=search_term_string"}],"inLanguage":"en-US"}]}</script>
<!-- / Yoast SEO plugin. -->

CERTIFICADO EN GESTIÓN DE LAS RELACIONES LABORALES - Siglo 21
