{"id":8429,"date":"2023-06-02T13:37:28","date_gmt":"2023-06-02T13:37:28","guid":{"rendered":"https:\/\/aplv.21.edu.ar\/?post_type=product&#038;p=8429"},"modified":"2025-03-10T17:00:59","modified_gmt":"2025-03-10T17:00:59","slug":"curso-liderar-en-el-siglo-xxi","status":"publish","type":"product","link":"https:\/\/aplv.21.edu.ar\/en\/product\/curso-liderar-en-el-siglo-xxi\/","title":{"rendered":"CURSO:  LIDERAR EN EL SIGLO XXI"},"content":{"rendered":"<p>contenido<\/p>\n","protected":false},"excerpt":{"rendered":"<p>excerpt<\/p>\n","protected":false},"author":3,"featured_media":0,"comment_status":"open","ping_status":"closed","template":"","meta":{"_acf_changed":false,"footnotes":""},"categories":[11],"class_list":["post-8429","product","type-product","status-publish","hentry","category-desarrollo-profesional-en"],"acf":{"external_id":"1930","precio":"149.970 ","impartido_en":["es","en"],"hubspot_product_id":"2080703542","imagen_destacada":8704,"header_image":"https:\/\/static.capabiliaserver.com\/frontend\/clients\/cloud21\/wp_prod\/wp-content\/uploads\/2023\/06\/efaa64e9-cms-6.png","precio_en_cuotas":"","precio_de_lista":"249.950 ","mostrar_form":false,"promocion_vigente":"","duracion_del_curso":"1 mes","tipo_de_programa":"Curso","nivel_del_curso":"B\u00e1sico","modalidad":"Oniline","dedicacion":"6\/8 horas","titulo":"CURSO:  LIDERAR EN EL SIGLO XXI","contenido":"<p><span data-sheets-value=\"{&quot;1&quot;:2,&quot;2&quot;:&quot;La coyuntura actual est\u00e1 en un cambio constante. La incertidumbre, la velocidad de los cambios y su impacto a nivel emocional, demandan l\u00edderes \u00e1giles, capaces de adaptar su estilo a cualquier situaci\u00f3n y de explotar al m\u00e1ximo su talento y el de cada miembro de su equipo.\\n\\nCon este curso obtendr\u00e1s los conocimientos y las herramientas necesarias para llevar tu capacidad de liderazgo al siguiente nivel y convertirte en un l\u00edder eficaz.\\n\\nPodr\u00e1s desarrollar el conjunto de habilidades para desarrollar la capacidad de liderarte a t\u00ed mismo, influenciar a otros y, con ello, multiplicar los resultados individuales y colectivos.&quot;}\" data-sheets-userformat=\"{&quot;2&quot;:961,&quot;3&quot;:{&quot;1&quot;:0},&quot;9&quot;:0,&quot;10&quot;:0,&quot;11&quot;:4,&quot;12&quot;:0}\">La coyuntura actual est\u00e1 en un cambio constante. La incertidumbre, la velocidad de los cambios y su impacto a nivel emocional, demandan l\u00edderes \u00e1giles, capaces de adaptar su estilo a cualquier situaci\u00f3n y de explotar al m\u00e1ximo su talento y el de cada miembro de su equipo.<br \/>\nCon este curso obtendr\u00e1s los conocimientos y las herramientas necesarias para llevar tu capacidad de liderazgo al siguiente nivel y convertirte en un l\u00edder eficaz.<br \/>\nPodr\u00e1s desarrollar el conjunto de habilidades para desarrollar la capacidad de liderarte a t\u00ed mismo, influenciar a otros y, con ello, multiplicar los resultados individuales y colectivos.<\/span><\/p>\n","avalado_por":"https:\/\/static.capabiliaserver.com\/frontend\/clients\/cloud21\/wp_prod\/wp-content\/uploads\/2023\/05\/c2c4707d-logo-partner2.png","pdf_brochure":false,"cursos_que_lo_componen":[{"nombre_del_curso":"Liderar en el Siglo XXI","descripcion_del_curso":"<p>M\u00f3dulo 1: Liderazgo transformacional.<br \/>\nM\u00f3dulo 2: Liderazgo org\u00e1nico y participativo.<br \/>\nM\u00f3dulo 3: Liderazgo consciente.<br \/>\nM\u00f3dulo 4: El mundo de las decisiones.<\/p>\n"}],"preguntas_frecuentes":false,"docentes_expertos":[{"foto":"https:\/\/static.capabiliaserver.com\/frontend\/clients\/cloud21\/wp_prod\/wp-content\/uploads\/2023\/05\/7e49a9cd-jordi_alemany_experto.jpg","nombre_del_docente":"Jordi Alemany","descripcion_del_docente":"Es un distinguido mentor y formador de mandos intermedios y ejecutivos. Reconocido por la revista Forbes como Beat Business Influencer 2022 y por LinkedIn como TOP Voice. Tras m\u00e1s de 25 a\u00f1os liderando equipos multidisciplinares y centros de desarrollo de talento en 4 continentes, regres\u00f3 a Espa\u00f1a donde combina su labor como mentor y formador, con su trabajo como divulgador y escritor. Es autor de \"\"Liderazgo Imperfecto\"\" considerado uno de los libros sobre liderazgo m\u00e1s disruptivos de las \u00faltimas d\u00e9cadas.","enlace":""}]},"yoast_head":"<!-- This site is optimized with the Yoast SEO plugin v23.0 - https:\/\/yoast.com\/wordpress\/plugins\/seo\/ -->\n<title>CURSO: LIDERAR EN EL SIGLO XXI - Siglo 21<\/title>\n<meta name=\"robots\" content=\"index, follow, max-snippet:-1, max-image-preview:large, max-video-preview:-1\" \/>\n<link rel=\"canonical\" href=\"https:\/\/aplv.21.edu.ar\/en\/product\/curso-liderar-en-el-siglo-xxi\/\" \/>\n<meta property=\"og:locale\" content=\"en_US\" \/>\n<meta property=\"og:type\" content=\"article\" \/>\n<meta property=\"og:title\" content=\"CURSO: LIDERAR EN EL SIGLO XXI - Siglo 21\" \/>\n<meta property=\"og:description\" content=\"excerpt\" \/>\n<meta property=\"og:url\" content=\"https:\/\/aplv.21.edu.ar\/en\/product\/curso-liderar-en-el-siglo-xxi\/\" \/>\n<meta property=\"og:site_name\" content=\"Siglo 21\" \/>\n<meta property=\"article:modified_time\" content=\"2025-03-10T17:00:59+00:00\" \/>\n<meta name=\"twitter:card\" content=\"summary_large_image\" \/>\n<meta name=\"twitter:label1\" content=\"Est. reading time\" \/>\n\t<meta name=\"twitter:data1\" content=\"1 minute\" \/>\n<script type=\"application\/ld+json\" class=\"yoast-schema-graph\">{\"@context\":\"https:\/\/schema.org\",\"@graph\":[{\"@type\":\"WebPage\",\"@id\":\"https:\/\/aplv.21.edu.ar\/en\/product\/curso-liderar-en-el-siglo-xxi\/\",\"url\":\"https:\/\/aplv.21.edu.ar\/en\/product\/curso-liderar-en-el-siglo-xxi\/\",\"name\":\"CURSO: LIDERAR EN EL SIGLO XXI - Siglo 21\",\"isPartOf\":{\"@id\":\"https:\/\/aplv.21.edu.ar\/#website\"},\"datePublished\":\"2023-06-02T13:37:28+00:00\",\"dateModified\":\"2025-03-10T17:00:59+00:00\",\"breadcrumb\":{\"@id\":\"https:\/\/aplv.21.edu.ar\/en\/product\/curso-liderar-en-el-siglo-xxi\/#breadcrumb\"},\"inLanguage\":\"en-US\",\"potentialAction\":[{\"@type\":\"ReadAction\",\"target\":[\"https:\/\/aplv.21.edu.ar\/en\/product\/curso-liderar-en-el-siglo-xxi\/\"]}]},{\"@type\":\"BreadcrumbList\",\"@id\":\"https:\/\/aplv.21.edu.ar\/en\/product\/curso-liderar-en-el-siglo-xxi\/#breadcrumb\",\"itemListElement\":[{\"@type\":\"ListItem\",\"position\":1,\"name\":\"Home\",\"item\":\"https:\/\/aplv.21.edu.ar\/\"},{\"@type\":\"ListItem\",\"position\":2,\"name\":\"Productos\",\"item\":\"https:\/\/aplv.21.edu.ar\/product\/\"},{\"@type\":\"ListItem\",\"position\":3,\"name\":\"CURSO: LIDERAR EN EL SIGLO XXI\"}]},{\"@type\":\"WebSite\",\"@id\":\"https:\/\/aplv.21.edu.ar\/#website\",\"url\":\"https:\/\/aplv.21.edu.ar\/\",\"name\":\"Siglo 21\",\"description\":\"Siglo 21\",\"potentialAction\":[{\"@type\":\"SearchAction\",\"target\":{\"@type\":\"EntryPoint\",\"urlTemplate\":\"https:\/\/aplv.21.edu.ar\/?s={search_term_string}\"},\"query-input\":\"required name=search_term_string\"}],\"inLanguage\":\"en-US\"}]}<\/script>\n<!-- \/ Yoast SEO plugin. -->","yoast_head_json":{"title":"CURSO: LIDERAR EN EL SIGLO XXI - Siglo 21","robots":{"index":"index","follow":"follow","max-snippet":"max-snippet:-1","max-image-preview":"max-image-preview:large","max-video-preview":"max-video-preview:-1"},"canonical":"https:\/\/aplv.21.edu.ar\/en\/product\/curso-liderar-en-el-siglo-xxi\/","og_locale":"en_US","og_type":"article","og_title":"CURSO: LIDERAR EN EL SIGLO XXI - Siglo 21","og_description":"excerpt","og_url":"https:\/\/aplv.21.edu.ar\/en\/product\/curso-liderar-en-el-siglo-xxi\/","og_site_name":"Siglo 21","article_modified_time":"2025-03-10T17:00:59+00:00","twitter_card":"summary_large_image","twitter_misc":{"Est. reading time":"1 minute"},"schema":{"@context":"https:\/\/schema.org","@graph":[{"@type":"WebPage","@id":"https:\/\/aplv.21.edu.ar\/en\/product\/curso-liderar-en-el-siglo-xxi\/","url":"https:\/\/aplv.21.edu.ar\/en\/product\/curso-liderar-en-el-siglo-xxi\/","name":"CURSO: LIDERAR EN EL SIGLO XXI - Siglo 21","isPartOf":{"@id":"https:\/\/aplv.21.edu.ar\/#website"},"datePublished":"2023-06-02T13:37:28+00:00","dateModified":"2025-03-10T17:00:59+00:00","breadcrumb":{"@id":"https:\/\/aplv.21.edu.ar\/en\/product\/curso-liderar-en-el-siglo-xxi\/#breadcrumb"},"inLanguage":"en-US","potentialAction":[{"@type":"ReadAction","target":["https:\/\/aplv.21.edu.ar\/en\/product\/curso-liderar-en-el-siglo-xxi\/"]}]},{"@type":"BreadcrumbList","@id":"https:\/\/aplv.21.edu.ar\/en\/product\/curso-liderar-en-el-siglo-xxi\/#breadcrumb","itemListElement":[{"@type":"ListItem","position":1,"name":"Home","item":"https:\/\/aplv.21.edu.ar\/"},{"@type":"ListItem","position":2,"name":"Productos","item":"https:\/\/aplv.21.edu.ar\/product\/"},{"@type":"ListItem","position":3,"name":"CURSO: LIDERAR EN EL SIGLO XXI"}]},{"@type":"WebSite","@id":"https:\/\/aplv.21.edu.ar\/#website","url":"https:\/\/aplv.21.edu.ar\/","name":"Siglo 21","description":"Siglo 21","potentialAction":[{"@type":"SearchAction","target":{"@type":"EntryPoint","urlTemplate":"https:\/\/aplv.21.edu.ar\/?s={search_term_string}"},"query-input":"required name=search_term_string"}],"inLanguage":"en-US"}]}},"idiomas":{"en":8429,"es":8428},"_links":{"self":[{"href":"https:\/\/aplv.21.edu.ar\/en\/wp-json\/wp\/v2\/products\/8429"}],"collection":[{"href":"https:\/\/aplv.21.edu.ar\/en\/wp-json\/wp\/v2\/products"}],"about":[{"href":"https:\/\/aplv.21.edu.ar\/en\/wp-json\/wp\/v2\/types\/product"}],"author":[{"embeddable":true,"href":"https:\/\/aplv.21.edu.ar\/en\/wp-json\/wp\/v2\/users\/3"}],"replies":[{"embeddable":true,"href":"https:\/\/aplv.21.edu.ar\/en\/wp-json\/wp\/v2\/comments?post=8429"}],"version-history":[{"count":5,"href":"https:\/\/aplv.21.edu.ar\/en\/wp-json\/wp\/v2\/products\/8429\/revisions"}],"predecessor-version":[{"id":14221,"href":"https:\/\/aplv.21.edu.ar\/en\/wp-json\/wp\/v2\/products\/8429\/revisions\/14221"}],"wp:attachment":[{"href":"https:\/\/aplv.21.edu.ar\/en\/wp-json\/wp\/v2\/media?parent=8429"}],"wp:term":[{"taxonomy":"category","embeddable":true,"href":"https:\/\/aplv.21.edu.ar\/en\/wp-json\/wp\/v2\/categories?post=8429"}],"curies":[{"name":"wp","href":"https:\/\/api.w.org\/{rel}","templated":true}]}}

Básico

<p><span data-sheets-value="{&quot;1&quot;:2,&quot;2&quot;:&quot;La coyuntura actual está en un cambio constante. La incertidumbre, la velocidad de los cambios y su impacto a nivel emocional, demandan líderes ágiles, capaces de adaptar su estilo a cualquier situación y de explotar al máximo su talento y el de cada miembro de su equipo.\n\nCon este curso obtendrás los conocimientos y las herramientas necesarias para llevar tu capacidad de liderazgo al siguiente nivel y convertirte en un líder eficaz.\n\nPodrás desarrollar el conjunto de habilidades para desarrollar la capacidad de liderarte a tí mismo, influenciar a otros y, con ello, multiplicar los resultados individuales y colectivos.&quot;}" data-sheets-userformat="{&quot;2&quot;:961,&quot;3&quot;:{&quot;1&quot;:0},&quot;9&quot;:0,&quot;10&quot;:0,&quot;11&quot;:4,&quot;12&quot;:0}">La coyuntura actual está en un cambio constante. La incertidumbre, la velocidad de los cambios y su impacto a nivel emocional, demandan líderes ágiles, capaces de adaptar su estilo a cualquier situación y de explotar al máximo su talento y el de cada miembro de su equipo.<br />
Con este curso obtendrás los conocimientos y las herramientas necesarias para llevar tu capacidad de liderazgo al siguiente nivel y convertirte en un líder eficaz.<br />
Podrás desarrollar el conjunto de habilidades para desarrollar la capacidad de liderarte a tí mismo, influenciar a otros y, con ello, multiplicar los resultados individuales y colectivos.</span></p>

<p>Módulo 1: Liderazgo transformacional.<br />
Módulo 2: Liderazgo orgánico y participativo.<br />
Módulo 3: Liderazgo consciente.<br />
Módulo 4: El mundo de las decisiones.</p>

Es un distinguido mentor y formador de mandos intermedios y ejecutivos. Reconocido por la revista Forbes como Beat Business Influencer 2022 y por LinkedIn como TOP Voice. Tras más de 25 años liderando equipos multidisciplinares y centros de desarrollo de talento en 4 continentes, regresó a España donde combina su labor como mentor y formador, con su trabajo como divulgador y escritor. Es autor de ""Liderazgo Imperfecto"" considerado uno de los libros sobre liderazgo más disruptivos de las últimas décadas.
